- 2*u**2 + u - 3. Let v be w(-3). Determine h(v).
14
Let k(u) = -u**2 - 10*u - 12. Let z be k(-9). Let p(w) = w**3 + 3 - 5*w + 4 - 4. Let s(r) = -r**2 - r. Let v(l) = z*s(l) + p(l). Determine v(-4).
-5
Let o(l) = 2*l + 3. Let m(b) = -12*b + 108. Let d be m(9). Give o(d).
3
Let t(m) = -m - 1. Let q = -6 + 6. Suppose q = 5*l - 2*f, 5*l + 4*f = -0*l. Suppose 5 = i - l. What is t(i)?
-6
Let f(k) = -k**3 - 7*k**2 + 9*k**2 + 0*k**3. Suppose 5*d = 3*d + 4. Suppose 5*s - 6 = d*s. Determine f(s).
0
Suppose 3*t - 9 = -2*w, 0 = 5*t - 0*t - 5*w + 10. Let d(u) be the second derivative of 1/6*u**3 + 0 + 12*u + 0*u**2 + 1/6*u**4. Determine d(t).
3
Suppose n + 4*n = -15. Let d(o) = -3*o - 3. Give d(n).
6
Let w(k) = k + 8. Let j be 1/3*45/(-3). Let v = -1 + j. Give w(v).
2
Let p(r) = 4 + 2*r + 1 + 3*r**2 + 5*r**2 - 6. Calculate p(1).
9
Let a(r) = 3*r**2 + r + 2. Let v(n) be the second derivative of n**4/3 + 3*n**2/2 + n. Let i = 8 + -13. Let w(f) = i*a(f) + 4*v(f). Give w(2).
-4
Let j(h) = -2*h**2 - 2*h**2 - h**3 - 2*h + 0*h. Suppose 90 - 114 = 6*g. Calculate j(g).
8
Let t(x) be the third derivative of 0 - 1/3*x**3 + 0*x - 1/60*x**5 - 3*x**2 + 1/24*x**4. What is t(2)?
-4
Let t(w) = w**3 + 2*w**2 - w. Let z be t(-2). Let f(s) = 2*s - z*s + s**3 - 2*s**2. Let j = -4 - -6. Determine f(j).
0
Let u be 2 - 0*(-1)/(-3). Let c(o) = u*o + 4*o - 2*o - 3*o. Determine c(5).
5
Let q(f) = -f**3 + 5*f**2 - f - 5. Suppose 2*o + o = 12. Calculate q(o).
7
Suppose -m = -3*o - 24 + 4, -4*o = 5*m - 5. Let i(g) = -7*g + 2*g - 7 + 3*g. Calculate i(o).
3
Let b = -28 - -26. Let v(j) = j**3 + 2*j. What is v(b)?
-12
Let j be 2/((-134)/46 + 3). Let u(b) = -2*b - 22 - j + 47. What is u(5)?
-8
Let s = -6 - -9. Suppose t + 3*c - 5 = -t, 8 = s*t + 4*c. Let i(w) = -w**2 + 4*w + 5. Determine i(t).
5
Suppose -o - 4 = -0. Let n(k) be the second derivative of -k**3 - 5/2*k**2 + k + 1/20*k**5 + 1/4*k**4 + 0. Give n(o).
3
Let n(j) = -7*j**3 + j**2 + j - 1. Suppose -2*b + 2 = -b. Suppose z = -0*z - b, -4*g + z + 6 = 0. Let f = 0 + g. Give n(f).
-6
Let k(a) = a + 1. Let p(y) = 2 + 2 + y - 2*y - 5. Let n be p(3). Determine k(n).
-3
Suppose q + 4*w + 3 = 1, q - 4*w - 6 = 0. Let y(u) = 6*u**2 - u**3 - 3*u**2 + 7 + 2*u**3 + u**q - u. Calculate y(-5).
-13
Let q(b) be the first derivative of -b**3/3 + 5*b**2/2 + 4*b + 1. Give q(6).
-2
Let v(l) be the first derivative of -l**3/3 - 4*l**2 - 4*l - 4. Give v(-6).
8
Let w be ((-2)/6)/(3/(-18)). Suppose -5*n - 4*l = 2, w*n - l + 0*l + 6 = 0. Let j be (1 + 0)*(n + 2). Let g(b) = b + 2. Determine g(j).
2
Suppose 0 + 8 = 4*l. Suppose -8 = 3*q + c, q + 5*c - l = -0*c. Let m(x) = x**3 + 2*x**2 - 3*x - 4. Calculate m(q).
-4
Suppose -v = v - 26. Suppose 0 = 5*c + p - v, 3*c - c + 2*p = 10. Let o(b) = 3*b**2 - 3*b. Give o(c).
6
Let a be 6/9 + (-21)/(-9). Let d(x) = a - 6 - 5*x + 5. What is d(2)?
-8
Suppose 18 = 3*b - 6*b. Let o = -3 - b. Suppose 3*v = 5*i - 16, -2*i = -v - 4 - o. Let c(z) = -z + 3. Give c(i).
-2
Let t(f) = -4*f**3 + 10*f**2 - 7*f + 6. Let s(m) = m**3 - m**2 + m. Let w(v) = 5*s(v) + t(v). Give w(-5).
16
Let p(a) = -a - 1. Suppose 2*k + n - 14 = k, 3*k - 5*n - 74 = 0. Let s = k - 12. Give p(s).
-7
Let h(t) be the first derivative of 2*t**2 + 4*t - 8. Calculate h(-3).
-8
Let p(r) = r**2 - 6*r + 6. Let t(u) = 2*u - 2. Let g(q) = -q + 1. Let d(j) = -5*g(j) - 3*t(j). Let f be d(-5). What is p(f)?
6
Let u(w) = 9*w**3 + 15*w**2 - 13*w + 14. Let l(q) = 4*q**3 + 7*q**2 - 6*q + 7. Let r(j) = 7*l(j) - 3*u(j). What is r(-5)?
-3
Suppose 3*g - 1 = -4. Let d(l) = 6*l + 1. Let f be d(g). Let k(o) = 6*o - 6*o**3 + o + 7*o**3 + 6*o**2 + 4. Determine k(f).
-6
Let m(q) = -11*q - 6. Let v(y) = 341*y + 187. Let f(l) = 187*m(l) + 6*v(l). Calculate f(-1).
11
Let n(d) = -7*d - 3*d**2 + 68 - 73 + 4*d**2. What is n(8)?
3
Suppose z = 2*z - 4. Let f(q) be the second derivative of 1/12*q**4 - 5/6*q**3 + 0*q**2 - q + 0. Calculate f(z).
-4
Let s(x) = -x**3 - 3*x**2. Let f = 23 + -19. Suppose q + q = -f. Calculate s(q).
-4
Suppose -3*o + 7*o - 112 = 0. Let a(j) = 2*j + o - 14 - 12. Give a(-5).
-8
Let v(i) be the first derivative of i**2 + 3*i + 2. Let p be v(-3). Let g = 2 + p. Let q(t) = -8*t**3 - t**2. Give q(g).
7
Let m(u) = u + 2. Suppose 3*c = -2*c. Let a = c - -2. What is m(a)?
4
Let v(z) = -z**3 - z + 1. Let m be ((-10)/20)/((-2)/8). Calculate v(m).
-9
Let p(j) be the first derivative of j**3/3 - 2*j - 1. Let s(w) = w**2 - 7*w + 9. Let u be s(6). Suppose 4*i - u*i = -5*g + 17, 4*g - 10 = i. Calculate p(g).
7
Let b(x) = 6*x**2 - 2*x - 1. Suppose 0 = 6*l - 7*l + 3. Suppose -2*g - g = l. Calculate b(g).
7
Let l(g) = -2*g**3 - 6*g**2 - 4*g**3 + 279*g - 274*g + 5*g**3 - 10. What is l(-7)?
4
Let y(g) = -3*g - 20. Let j(u) = -2*u - 11. Let h(s) = 11*j(s) - 6*y(s). Give h(-2).
7
Let d(t) = -t**2 + 5*t - 5. Let v be d(2). Let b(f) = 19*f**3 + f - 1. What is b(v)?
19
Suppose 112*x + 2 = 111*x. Let b(a) = -3*a**3 + 2*a**2 + a + 2. Determine b(x).
32
Let m(i) = -5*i**3 + 2*i**2 - 11*i + 2. Let j(c) = -4*c**3 + 3*c**2 - 10*c + 3. Let x(o) = 4*j(o) - 3*m(o). Let s be -5*1/(1 + -2). Give x(s).
-4
Let k(q) be the third derivative of q**4/12 + 2*q**3/3 + 7*q**2. Give k(-5).
-6
Let q(h) be the third derivative of -h**6/120 - h**5/10 - h**4/12 - h**3 + 51*h**2. What is q(-6)?
6
Let w = 14 + -13. Let r(z) = 13*z - 1. What is r(w)?
12
Let t(o) = 242 - 246 - o + 0*o. What is t(-3)?
-1
Let j(g) = 2 - g**2 - 5 + 4*g + 2. Let p(m) = m**2 - 6*m + 3. Let s be p(5). Let h be 32/14 + s/7. Give j(h).
3
Let l(w) = -w. Let n be l(-2). Suppose -2*v = n*v - 12. Let a(x) = -1 - x + 5*x - v*x. Calculate a(3).
2
Let j(s) = -2*s + 7*s - 8 + 2*s**2 - 3*s**2 + 3. What is j(4)?
-1
Let s(o) be the first derivative of -o**3/3 - 5*o**2/2 - 4. Let u be (-2)/(2 + (-10)/6). Let a = 1 + u. What is s(a)?
0
Let t(l) = l**3 - 4*l**2 - 6*l - 1. Let i(d) = -2*d - 4 - 3*d + 3*d. Let q be i(-3). Let x be 2 + q*6/4. Give t(x).
-6
Let q(d) = d - 9. Let x(t) = -3*t + 25. Let p(k) = 8*q(k) + 3*x(k). Determine p(-10).
13
Let r(o) = o**2 + 5*o - 8. Let d(u) be the third derivative of u**4/4 - 3*u**2. Let z be d(-1). Determine r(z).
-2
Let c be (-9 - -8) + 2 + 4. Let n(f) = 14*f**2 - 7*f + 11. Let w(j) = 5*j**2 - 2*j + 4. Let m(d) = -4*n(d) + 11*w(d). What is m(c)?
5
Let k(c) be the first derivative of c**4/24 - c**3/3 - c**2 - 1. Let f(z) be the second derivative of k(z). Determine f(4).
2
Let q(g) = -6*g**3 - 3*g**3 + 3*g**3. Suppose -4*f - 11 = -0*z + 3*z, 3*z + 18 = 3*f. Determine q(f).
-6
Let i(y) be the second derivative of y**5/20 - y**4/3 - 2*y**3/3 - 3*y**2 + y - 4. Give i(5).
-1
Let c(z) = -z**3 - 3*z**2 + 2*z. Let d(v) = -v**3 - 4*v**2 + 1. Let g(x) = -2*c(x) + 3*d(x). Give g(-4).
-13
Let t(u) be the third derivative of -u**4/24 - u**3/3 + u**2. Let i be (2/2)/((-2)/(-4)). Suppose 4*j - i*j + 4*o = 16, j + 3*o = 11. Give t(j).
-4
Let g(r) = -5*r**2 + 3*r + 5. Let p(n) = 9*n**2 - 6*n - 10. Let m(f) = 7*g(f) + 4*p(f). Let t(k) = k**2 - 12*k - 8. Let h be t(13). Determine m(h).
5
Let c(x) = 0*x - 3*x + 714 - 710. Calculate c(3).
-5
Suppose 4 = -2*l + 3*l. Let y(w) = -w**3 + 5*w**2 - 2*w - 3. Calculate y(l).
5
Let s(t) be the first derivative of -2/3*t**3 + 2 + 1/12*t**4 - 2*t + 0*t**2. Let r(i) be the first derivative of s(i). Give r(4).
0
Let z(i) = -i**3 - 7*i**2 - 6*i + 4. Let p be z(-6). Suppose 3*b = p*b + 5. Let h(n) = 4*n + 5. Calculate h(b).
-15
Let m(u) be the third derivative of u**6/120 - u**5/10 + 5*u**3/6 - 16*u**2. What is m(6)?
5
Let t(u) = 2*u + 3. Let v(r) = r**3 + 16*r**2 + 14*r - 18. Let z be v(-15). What is t(z)?
-3
Let u(a) = -6*a**2 - 2*a - 1. Let i = 2 + 0. Suppose -2*g - g = 9. Let m = i + g. Give u(m).
-5
Let o(y) = -3*y - 2. Suppose i + 0 = 5. Suppose 3*n = i*n + 8. Calculate o(n).
10
Let y(z) = 7*z + 3. Let h(s) = 6*s + 3. Let r(i) = 6*h(i) - 5*y(i). Let a be 270/(-63) - (-4)/14. What is r(a)?
-1
Let z(g) = 2 - 1 + 2*g + 0*g**2 - g**2 - g**3. Suppose -3*n - 3*s = 0, -2*n - 8 = -s - 2. Determine z(n).
1
Let p(n) = -2*n**2 + 8*n + 2. Let f(i) = -i**2 + 4*i + 1. Let v(c) = 5*f(c) - 3*p(c). Let y = 2 + 5. Let k = y - 4. What is v(k)?
-4
Suppose 2*i - 10 = 0, 0*i - 3*i = -5*q - 20. Let x(g) = 9*g**3 - g**2 - 2*g - 1. What is x(q)?
-9
Let f(a) = -4*a - 1. Suppose 38 - 113 = -15*i. Calculate f(i).
-21
Suppos